2, 3, 5
Let u(w) = 2*w**2 - 15*w + 2. Let p = 21 + -26. Let x = 15 + p. List the prime factors of u(x).
2, 13
Let y = -1746 + 2454. What are the prime factors of y?
2, 3, 59
Suppose -h = -g + 7, h + h = 5*g - 23. Suppose 6*o - 51 = g*o. What are the prime factors of o?
17
Let j(k) = k**3 - 8*k**2 - 8*k - 7. Let d be j(9). Suppose -64 + 172 = d*c. List the prime factors of c.
2, 3
Suppose 3*k - 2*k - 2*b = 408, 4*k = -b + 1677. List the prime factors of k.
2, 11, 19
Suppose 491 = 3*k - 709. What are the prime factors of k?
2, 5
Suppose 3 = 4*b - 5. Suppose 2*w + q = 6*w - 21, 0 = -b*q - 2. Suppose -w*h + 67 + 23 = 0. What are the prime factors of h?
2, 3
Let x(o) = o**2 + o - 9. Let h be x(-4). What are the prime factors of h + -2 - (-22*6 + 2)?
131
Suppose 5 = 6*x - 61. Suppose 0 = x*m - 3*m - 808. What are the prime factors of m?
101
Suppose -q + 1705 = 2*b - 8458, -25407 = -5*b - 3*q. List the prime factors of b.
2, 3, 7, 11
Let n(c) = 8 - 19*c**3 + 4*c - 8 - 3*c**2 + 7*c**2. What are the prime factors of n(-2)?
2, 5
Suppose 2*n + 5 + 2 = 3*v, 3*v + 41 = -4*n. What are the prime factors of 4 + n + 3 - -19?
2, 3
Let j = 7334 - 4370. What are the prime factors of j?
2, 3, 13, 19
Let q(g) = -9*g - 84. List the prime factors of q(-39).
3, 89
Let i(x) = x**2 - 8*x + 27. Let c(z) = -z**3 - 6*z**2 + 8*z + 1. Let o be c(-7). Let d = o - -17. What are the prime factors of i(d)?
2, 3, 5
Suppose 0 = 6*t - 119 - 55. What are the prime factors of t?
29
Let g = -579 - -2254. What are the prime factors of g?
5, 67
Let i be 2/(-2) + 10/2. Let z = -542 + 517. Let o = i - z. What are the prime factors of o?
29
Let q = -236 + 117. What are the prime factors of (-6698)/q + 4/(-14)?
2, 7
Suppose 7*x + 920 - 10202 = 0. What are the prime factors of x?
2, 3, 13, 17
Suppose 0*c = -c + 108. Suppose -2*r = -58 - c. List the prime factors of r.
83
Suppose 12 = 13*c - 16*c, 0 = -f - 2*c + 739. List the prime factors of f.
3, 83
Let x(p) = p**2 - 3*p + 6. Let y be x(4). Let c = y - 8. Suppose 2*u + 7 - 3 = 0, -c*z + 3*u + 26 = 0. List the prime factors of z.
2, 5
Let l be (-2)/9*6*(-3)/(-2). What are the prime factors of l*(-373)/8 - 12/(-16)?
2, 47
Let s(u) = u + 24. Let o be s(-10). Let d(p) = o + 12*p**2 + 2*p + 49*p**3 - 50*p**3 - 3*p. List the prime factors of d(12).
2
Let j = -10 + 6. Suppose -3*h = 957 + 48. List the prime factors of 2/j - h/10.
3, 11
Suppose -3*g + 4897 = 5*t - 4792, -5*g = -4*t + 7729. What are the prime factors of t?
2, 11
Suppose -2*n - r = -6*r - 1130, -5*r = 5*n - 2825. What are the prime factors of n?
5, 113
List the prime factors of 8086/8 + -8*(-4)/128.
3, 337
Let m(k) = 44*k**2 + k. Let b be -3 - (4 - 1 - 16). Let h be (-3 + 1)/(b/5). What are the prime factors of m(h)?
43
Let x(l) = -5*l. Suppose 0 = -2*p + 2*w + w + 8, -2*w - 4 = -2*p. List the prime factors of x(p).
2, 5
Let t(h) = -13*h - 18. Let d = -5 - 1. List the prime factors of t(d).
2, 3, 5
Let n(t) be the third derivative of t**5/60 - t**4/6 - t**3 - 39*t**2. List the prime factors of n(-4).
2, 13
Let f = 4407 - 2543. What are the prime factors of f?
2, 233
Let m(u) = 11 + u - 24 + 19 - u**3 - 3*u**2. Suppose -15 = 2*h + h. List the prime factors of m(h).
3, 17
Let p be (-5 - -2) + 1 + -4. What are the prime factors of 7 - (4 + p + -2)?
11
Suppose 6 = 2*a - 2. Suppose 5*g = -a*p + 199, 3*p - 5*g = 142 + 51. Suppose f - 71 = -5*k - 3*f, 4*k - p = -4*f. List the prime factors of k.
3, 5
Let c = 63 - 36. Let o = 51 + c. What are the prime factors of o?
2, 3, 13
Let t be 10 + (4/(-1) - -2). Suppose 4*y - 28 = 4*g, -5*y + 2*g + 2*g + 33 = 0. Let n = t + y. What are the prime factors of n?
13
Suppose -4*j + 422 = 2*r, j = 4*j - 4*r - 322. Suppose 103*m + 576 = j*m. List the prime factors of m.
2, 3
Let x(a) = 4*a**2 - 4. Let t be x(3). Suppose 0 = -3*h + t + 190. Suppose 0 = 5*l + 4*f - 163, -l + 5*f - 24 = -h. What are the prime factors of l?
5, 7
Let w(p) = 113*p - 55. What are the prime factors of w(3)?
2, 71
Let i(p) be the third derivative of p**6/60 - p**5/30 + p**4/8 - p**3/6 - 12*p**2. List the prime factors of i(1).
2
Suppose -4*d + 617 = 4*y + y, 2*y - 2 = 0. Let c = d - 6. What are the prime factors of c?
3, 7
Let i(u) = -637*u + 1. Let j be i(1). Let g = -416 - j. Suppose -4*s - 29 = -3*y - 252, -4*s + 4*y + g = 0. List the prime factors of s.
2, 29
Suppose 4*x - 1 = -m + 7, 3*x = 5*m + 6. Suppose 2*j = j + t + 18, 2*t = x. List the prime factors of j.
19
Let f(k) be the second derivative of k**4/12 - 2*k**3/3 - 5*k**2/2 - 5*k. Let v(a) be the first derivative of f(a). What are the prime factors of v(3)?
2
Let u(o) = o**3 - 4*o**2 - o - 4. Let i(m) = m**3 - 5*m**2 - m - 5. Let a(l) = -4*i(l) + 5*u(l). List the prime factors of a(2).
2, 3
Let w be (14/(2 - 4))/1. Let v = w + -5. Let y = -9 - v. What are the prime factors of y?
3
Suppose -5*g + 5*b - 6*b = -447, -269 = -3*g - b. List the prime factors of g.
89
Suppose 0 = -3*t + 3*a - 162, 3*a - 272 = 5*t - a. Let f = -46 - t. List the prime factors of f.
2, 5
Let y = -192 - -301. Let j = y - 8. What are the prime factors of j?
101
Suppose -43 - 272 = -35*i. What are the prime factors of i?
3
Let g = 4 + -2. Let z be 0/((2 - 0)/(-1)). Suppose -i + z*i = -g. What are the prime factors of i?
2
Suppose -w + 7 = -3*d, -d = -2*w + w + 5. What are the prime factors of (1 - 2) + 84/w?
2, 5
Let j(p) = 43*p**3 - 6*p**2 + 3*p - 6. Let z(l) = -l**3 + l**2 - l + 1. Let g(f) = -j(f) - 5*z(f). List the prime factors of g(-1).
2, 19
Let x(n) = -10*n - 12. Let t(p) = -3*p - 4. Let z(f) = 16*t(f) - 5*x(f). Let h be z(3). Let v = 3 + h. What are the prime factors of v?
5
Suppose -2*d + 5*q = 80, 2*d - d + q + 33 = 0. Let t = 22 - d. What are the prime factors of t?
3, 19
Let t(r) = -9*r**2 - 434*r + 41. List the prime factors of t(-17).
2, 3, 11, 73
Suppose 2*c + 0*z - 41 = z, 0 = -c - 2*z + 23. Suppose -43 = -n + c. Suppose 14 = 2*m - n. What are the prime factors of m?
3, 13
Let o(z) = -z**3 - 5*z**2 + z + 8. Let w be o(-5). Suppose 0 = -w*u - 0 + 3, -4*t + 655 = -u. List the prime factors of t.
2, 41
Let w(d) be the third derivative of -7*d**4/24 + 4*d**3/3 + 10*d**2. What are the prime factors of w(-7)?
3, 19
List the prime factors of (31/7 - 5) + (-1086)/(-14).
7, 11
Let b(c) = 3*c**3 - 7*c**2 + 4*c - 3. Let p be b(3). Suppose r - p = 50. What are the prime factors of r?
7, 11
List the prime factors of (-3 - (-5247)/7)*(8 - 1).
2, 3, 13, 67
Suppose 345 = 5*u + 2*p, -4*u + 27 = -5*p - 216. Suppose 0 = x - u + 199. Let n = -78 - x. List the prime factors of n.
2, 3
Let r be (1/(3/(-12)))/(-2). Suppose t + 5*x + 870 = 6*t, 2*x = -r*t + 328. Suppose 0 = 5*m - t + 54. What are the prime factors of m?
23
Let k be ((-1)/(-2) + -1)*-2. Let z be (-190)/70 + 4/(-14). List the prime factors of -57*(k + 4/z).
19
Let h(j) = j**3 + 11*j**2 + 2*j - 8. Let k be (-1)/(8/(-6)) - (-248)/(-32). List the prime factors of h(k).
2, 3, 29
Suppose -a - 2*a = -132. Let j(y) = 40*y - 219. Let k be j(6). Let d = a - k. List the prime factors of d.
23
Let b be (-1)/((-16)/(-6) + -3). Suppose 12 = m + b*m. Suppose -o = -4*n - 52, 6*n - m*n = 5*o - 209. List the prime factors of o.
2, 5
Let b(s) = 3*s - 12. Let a(j) = -2*j + 8. Let c(l) = -8*a(l) - 5*b(l). Let f be c(6). List the prime factors of 33*f/3*1.
2, 11
Let z(f) = -7*f - 3. Let v be z(-1). Suppose q - 5*q + 2*d + 178 = 0, v*q + 2*d - 182 = 0. List the prime factors of q.
3, 5
Let f(m) = 6*m + 1. Let a be f(-2). Let s = -5 - a. Suppose -n = x - 7 - s, 5*x + 4*n - 69 = 0. What are the prime factors of x?
17
Let c be -32 - (-8 + (5 - 1)). What are the prime factors of 14/c - (-258)/4?
2
Let w(y) = 6*y**2 - y + 68. List the prime factors of w(-9).
563
Let d(k) = 31*k + 30*k - 58*k + 38. What are the prime factors of d(-7)?
17
Let j = 14 + -20. Let x be (-24)/9*9/j. Suppose x*z - 174 = -5*k, -3*k = -2*k - 5*z - 58. List the prime factors of k.
2, 19
List the prime factors of (-16)/(-24) + (-127)/(-6)*20.
2, 53
Let s(f) = -f + 10. Let m be s(12). Let r(q) = 2 + 250*q**3 - 249*q**3 + 4*q**2 + 0*q**2. List the prime factors of r(m).
2, 5
Suppose 3*n = 4*h + 5, -h - 9 = -3*n - 1. Suppose -3*u + n*l = -225, 274 = 5*u - l - 117. What are the prime factors of u?
79
Let i(k) = 5*k**3 + 13*k**2 + 22*k - 46. What a